, 31
What are the prime factors of 13547?
19, 23, 31
What are the prime factors of 4257?
3, 11, 43
List the prime factors of 3959.
37, 107
List the prime factors of 35587.
19, 1873
What are the prime factors of 2410?
2, 5, 241
List the prime factors of 11720.
2, 5, 293
What are the prime factors of 2718?
2, 3, 151
List the prime factors of 634.
2, 317
What are the prime factors of 63083?
199, 317
List the prime factors of 469.
7, 67
What are the prime factors of 4189?
59, 71
What are the prime factors of 1682?
2, 29
List the prime factors of 358.
2, 179
List the prime factors of 80.
2, 5
What are the prime factors of 1481?
1481
List the prime factors of 5316.
2, 3, 443
What are the prime factors of 132?
2, 3, 11
What are the prime factors of 15127?
7, 2161
What are the prime factors of 38110?
2, 5, 37, 103
What are the prime factors of 816?
2, 3, 17
What are the prime factors of 1418?
2, 709
What are the prime factors of 73566?
2, 3, 61, 67
What are the prime factors of 74676?
2, 3, 7, 127
List the prime factors of 33057.
3, 3673
What are the prime factors of 1737?
3, 193
What are the prime factors of 3656?
2, 457
List the prime factors of 40028.
2, 10007
What are the prime factors of 12368?
2, 773
List the prime factors of 56684.
2, 37, 383
List the prime factors of 1123.
1123
What are the prime factors of 612?
2, 3, 17
What are the prime factors of 7238?
2, 7, 11, 47
List the prime factors of 14810.
2, 5, 1481
What are the prime factors of 127852?
2, 31963
List the prime factors of 1335.
3, 5, 89
List the prime factors of 20091.
3, 37, 181
List the prime factors of 9411.
3, 3137
What are the prime factors of 2869?
19, 151
What are the prime factors of 1832?
2, 229
List the prime factors of 1297.
1297
What are the prime factors of 13610?
2, 5, 1361
List the prime factors of 928.
2, 29
What are the prime factors of 24035?
5, 11, 19, 23
List the prime factors of 9205.
5, 7, 263
What are the prime factors of 5447?
13, 419
List the prime factors of 11803.
11, 29, 37
List the prime factors of 56453.
56453
List the prime factors of 7063.
7, 1009
What are the prime factors of 6842?
2, 11, 311
List the prime factors of 40222.
2, 7, 13, 17
List the prime factors of 55903.
55903
List the prime factors of 1142.
2, 571
What are the prime factors of 1219?
23, 53
What are the prime factors of 1073?
29, 37
What are the prime factors of 269?
269
What are the prime factors of 5605?
5, 19, 59
What are the prime factors of 28711?
28711
What are the prime factors of 19473?
3, 6491
What are the prime factors of 6761?
6761
List the prime factors of 1422.
2, 3, 79
List the prime factors of 5652.
2, 3, 157
List the prime factors of 16203.
3, 11, 491
What are the prime factors of 3066?
2, 3, 7, 73
List the prime factors of 19607.
7, 2801
List the prime factors of 80.
2, 5
List the prime factors of 1563.
3, 521
What are the prime factors of 21056?
2, 7, 47
What are the prime factors of 443?
443
List the prime factors of 104866.
2, 52433
List the prime factors of 10476.
2, 3, 97
What are the prime factors of 13853?
7, 1979
List the prime factors of 49856.
2, 19, 41
What are the prime factors of 2875?
5, 23
List the prime factors of 115602.
2, 3, 19267
What are the prime factors of 32667?
3, 10889
List the prime factors of 529.
23
What are the prime factors of 16221?
3, 5407
What are the prime factors of 3056?
2, 191
What are the prime factors of 63002?
2, 17, 109
List the prime factors of 11530.
2, 5, 1153
List the prime factors of 3810.
2, 3, 5, 127
What are the prime factors of 596?
2, 149
List the prime factors of 2004.
2, 3, 167
What are the prime factors of 45822?
2, 3, 7, 1091
List the prime factors of 3369.
3, 1123
What are the prime factors of 1851?
3, 617
What are the prime factors of 2307?
3, 769
List the prime factors of 1826.
2, 11, 83
What are the prime factors of 35976?
2, 3, 1499
What are the prime factors of 38535?
3, 5, 7, 367
List the prime factors of 10072.
2, 1259
What are the prime factors of 2549?
2549
List the prime factors of 1089.
3, 11
List the prime factors of 1943.
29, 67
List the prime factors of 41901.
3, 13967
What are the prime factors of 1935?
3, 5, 43
List the prime factors of 4055.
5, 811
What are the prime factors of 28969?
59, 491
What are the prime factors of 60659?
60659
What are the prime factors of 232?
2, 29
What are the prime factors of 451?
11, 41
List the prime factors of 122650.
2, 5, 11, 223
What are the prime factors of 31030?
2, 5, 29, 107
List the prime factors of 1309.
7, 11, 17
List the prime factors of 49301.
7, 7043
What are the prime factors of 162?
2, 3
List the prime factors of 60770.
2, 5, 59, 103
What are the prime factors of 3730?
2, 5, 373
List the prime factors of 3929.
3929
List the prime factors of 761.
761
List the prime factors of 39225.
3, 5, 523
What are the prime factors of 14875?
5, 7, 17
List the prime factors of 5927.
5927
What are the prime factors of 9772?
2, 7, 349
What are the prime factors of 7510?
2, 5, 751
What are the prime factors of 9589?
43, 223
List the prime factors of 26474.
2, 7, 31, 61
What are the prime factors of 114412?
2, 28603
List the prime factors of 11614.
2, 5807
What are the prime factors of 1970?
2, 5, 197
List the prime factors of 86096.
2, 5381
What are the prime factors of 2698?
2, 19, 71
List the prime factors of 904.
2, 113
What are the prime factors of 897?
3, 13, 23
What are the prime factors of 12528?
2, 3, 29
List the prime factors of 2159.
17, 127
List the prime factors of 1334.
2, 23, 29
What are the prime factors of 3023?
3023
What are the prime factors of 7758?
2, 3, 431
What are the prime factors of 3374?
2, 7, 241
What are the prime factors of 32536?
2, 7, 83
What are the prime factors of 512?
2
List the prime factors of 178188.
2, 3, 31, 479
What are the prime factors of 15571?
23, 677
List the prime factors of 1851.
3, 617
What are the prime factors of 555?
3, 5, 37
List the prime factors of 8451.
3, 313
What are the prime factors of 372?
2, 3, 31
List the prime factors of 1042.
2, 521
What are the prime factors of 2924?
2, 17, 43
What are the prime factors of 1466?
2, 733
List the prime factors of 264.
2, 3, 11
What are the prime factors of 1211?
7, 173
List the prime factors of 1724.
2, 431
List the prime factors of 1486.
2, 743
List the prime factors of 42817.
47, 911
What are the prime factors of 88640?
2, 5, 277
List the prime factors of 8081.
8081
What are the prime factors of 677?
677
List the prime factors of 27345.
3, 5, 1823
What are the prime factors of 4829?
11, 439
List the prime factors of 32360.
2, 5, 809
List the prime factors of 3889.
3889
List the prime factors of 70760.
2, 5, 29, 61
What are the prime factors of 7747?
61, 127
What are the prime factors of 17076?
2, 3, 1423
What are the prime factors of 3343?
3343
List the prime factors of 16656.
2, 3, 347
What are the prime factors of 42090?
2, 3, 5, 23, 61
List the prime factors of 54704.
2, 13, 263
What are the prime factors of 6134?
2, 3067
List the prime factors of 2464.
2, 7, 11
What are the prime factors of 1362?
2, 3, 227
List the prime factors of 27493.
19, 1447
What are the prime factors of 35728?
2, 7, 11, 29
List the prime factors of 15686.
2, 11, 23, 31
What are the prime factors of 296?
2, 37
What are the prime factors of 89674?
2, 13, 3449
List the prime factors of 8693.
8693
List the prime factors of 81555.
3, 5, 5437
List the prime factors of 8369.
8369
List the prime factors of 23339.
23339
What are the prime factors of 1326?
2, 3, 13, 17
What are the prime factors of 9503?
13, 17, 43
What are the prime factors of 917?
7, 131
List the prime factors of 1903.
11, 173
List the prime factors of 14888.
2, 1861
List the prime factors of 183043.
7, 79, 331
List the prime factors of 77.
7, 11
List the prime factors of 5621.
7, 11, 73
List the prime factors of 33670.
2, 5, 7, 13, 37
What are the prime factors of 299?
13, 23
List the prime factors of 5102.
2, 2551
What are the prime factors of 34281?
3, 13, 293
List the prime factors of 52471.
137, 383
What are the prime factors of 14675?
5, 587
List the prime factors of 105460.
2, 5, 5273
What are the prime factors of 10347?
3, 3449
List the prime factors of 301.
7, 43
List the prime factors of 265.
5, 53
What are the prime